{"id":252,"date":"2022-08-08T15:32:32","date_gmt":"2022-08-08T15:32:32","guid":{"rendered":"https:\/\/mskssamorin.sk\/?page_id=252"},"modified":"2022-08-29T17:21:40","modified_gmt":"2022-08-29T17:21:40","slug":"bemutatkozas","status":"publish","type":"page","link":"https:\/\/mskssamorin.sk\/hu\/bemutatkozas\/","title":{"rendered":"Bemutatkoz\u00e1s"},"content":{"rendered":"\n<figure class=\"wp-block-image size-large\"><img loading=\"lazy\" decoding=\"async\" width=\"1024\" height=\"378\" src=\"https:\/\/wp-mskssamorin.s3.eu-central-1.amazonaws.com\/wp-content\/uploads\/2022\/08\/19083959\/vmk-msks-1024x378.jpg\" alt=\"\" class=\"wp-image-32\" srcset=\"https:\/\/wp-mskssamorin.s3.eu-central-1.amazonaws.com\/wp-content\/uploads\/2022\/08\/19083959\/vmk-msks-1024x378.jpg 1024w, https:\/\/wp-mskssamorin.s3.eu-central-1.amazonaws.com\/wp-content\/uploads\/2022\/08\/19083959\/vmk-msks-300x111.jpg 300w, https:\/\/wp-mskssamorin.s3.eu-central-1.amazonaws.com\/wp-content\/uploads\/2022\/08\/19083959\/vmk-msks-768x284.jpg 768w, https:\/\/wp-mskssamorin.s3.eu-central-1.amazonaws.com\/wp-content\/uploads\/2022\/08\/19083959\/vmk-msks-1536x567.jpg 1536w, https:\/\/wp-mskssamorin.s3.eu-central-1.amazonaws.com\/wp-content\/uploads\/2022\/08\/19083959\/vmk-msks-900x332.jpg 900w, https:\/\/wp-mskssamorin.s3.eu-central-1.amazonaws.com\/wp-content\/uploads\/2022\/08\/19083959\/vmk-msks.jpg 1773w\" sizes=\"auto, (max-width: 1024px) 100vw, 1024px\" \/><\/figure>\n\n\n\n<p>A somorjai V\u00e1rosi M\u0171vel\u0151d\u00e9si K\u00f6zpont (VMK) egy olyan int\u00e9zm\u00e9ny, mely teret ny\u00fajt a v\u00e1ros \u00e9s a r\u00e9gi\u00f3 lakosai sz\u00e1m\u00e1ra kultur\u00e1lis ig\u00e9nyeik kiel\u00e9g\u00edt\u00e9s\u00e9re. Egy modern, korszer\u0171 infrastrukt\u00far\u00e1val rendelkez\u0151 int\u00e9zm\u00e9ny, mely nem csup\u00e1n k\u00f6zvet\u00edti a kult\u00far\u00e1t, de kultur\u00e1lis \u00e9rt\u00e9keket teremt minden gener\u00e1ci\u00f3 sz\u00e1m\u00e1ra. Termeiben \u00faj, magas sz\u00ednvonal\u00fa kultur\u00e1lis term\u00e9kek sz\u00fcletnek a szellemi \u00e9s materi\u00e1lis kult\u00fara ter\u00fclet\u00e9n is. A VMK a v\u00e1ros kultur\u00e1lis arculat\u00e1nak alak\u00edt\u00f3ja.<\/p>\n\n\n\n<p>A v\u00e1ros sz\u00edv\u00e9ben tal\u00e1lhat\u00f3 VMK gazdag kult\u00farm\u0171sorral \u00e9s szabadid\u0151s programmal v\u00e1rja a l\u00e1togat\u00f3kat.<br>Sz\u00ednh\u00e1zterm\u00e9ben rendszeres sz\u00ednh\u00e1zi el\u0151ad\u00e1sok, neves hazai \u00e9s k\u00fclf\u00f6ldi zenekarok koncertjei, nevel\u0151koncertek, gyermek \u00e9s ifj\u00fas\u00e1gi el\u0151ad\u00e1sok valamint k\u00fcl\u00f6nb\u00f6z\u0151 t\u00e1rsadalmi rendezv\u00e9nyek, a v\u00e1rosi civil szervezetek aktivit\u00e1sai ker\u00fclnek megrendez\u00e9sre.<br>A modern, fel\u00faj\u00edtott Tall\u00f3s Proch\u00e1szka Istv\u00e1n Ki\u00e1ll\u00edt\u00f3teremben rendszeres ki\u00e1ll\u00edt\u00e1sok ker\u00fclnek megrendez\u00e9sre, hivat\u00e1sos k\u00e9pz\u0151m\u0171v\u00e9szek, de amat\u0151r tehets\u00e9gek alkot\u00e1saib\u00f3l ny\u00edlt t\u00e1rlatok v\u00e1rj\u00e1k a l\u00e1togat\u00f3kat.<\/p>\n\n\n\n<p>A VMK rendszeresen teret ad k\u00f6zm\u0171vel\u0151d\u00e9si k\u00e9pz\u00e9seknek, szemin\u00e1riumoknak, iskol\u00e1z\u00e1soknak, fesztiv\u00e1loknak is.<br>Otthont biztos\u00edtunk nagyon sok gyermek n\u00e9pt\u00e1ncegy\u00fcttesnek (Csali, Prvosienka), a Csall\u00f3 N\u00e9pt\u00e1ncegy\u00fcttesnek, k\u00f3rusoknak, kamarazenekaroknak, rock, dzsessz \u00e9s blues zenekaroknak is.<br>Termeinkben rendszeres j\u00f3ga tanfolyamok is zajlanak.<\/p>\n","protected":false},"excerpt":{"rendered":"<p>A somorjai V\u00e1rosi M\u0171vel\u0151d\u00e9si K\u00f6zpont (VMK) egy olyan int\u00e9zm\u00e9ny, mely teret ny\u00fajt a v\u00e1ros \u00e9s a r\u00e9gi\u00f3 lakosai sz\u00e1m\u00e1ra kultur\u00e1lis ig\u00e9nyeik kiel\u00e9g\u00edt\u00e9s\u00e9re. Egy modern, korszer\u0171 infrastrukt\u00far\u00e1val rendelkez\u0151 int\u00e9zm\u00e9ny, mely nem csup\u00e1n k\u00f6zvet\u00edti a kult\u00far\u00e1t, de kultur\u00e1lis \u00e9rt\u00e9keket teremt minden gener\u00e1ci\u00f3 sz\u00e1m\u00e1ra. Termeiben \u00faj, magas sz\u00ednvonal\u00fa kultur\u00e1lis term\u00e9kek sz\u00fcletnek a szellemi \u00e9s materi\u00e1lis kult\u00fara ter\u00fclet\u00e9n is&#8230;. <\/p>\n<div class=\"clear\"><\/div>\n<p><a href=\"https:\/\/mskssamorin.sk\/hu\/bemutatkozas\/\" class=\"excerpt-read-more newsstand-button\">R\u00e9szletek<\/a><\/p>\n","protected":false},"author":1,"featured_media":0,"parent":0,"menu_order":0,"comment_status":"closed","ping_status":"closed","template":"","meta":{"_acf_changed":false,"footnotes":""},"class_list":["post-252","page","type-page","status-publish","hentry"],"acf":[],"_links":{"self":[{"href":"https:\/\/mskssamorin.sk\/hu\/wp-json\/wp\/v2\/pages\/252","targetHints":{"allow":["GET"]}}],"collection":[{"href":"https:\/\/mskssamorin.sk\/hu\/wp-json\/wp\/v2\/pages"}],"about":[{"href":"https:\/\/mskssamorin.sk\/hu\/wp-json\/wp\/v2\/types\/page"}],"author":[{"embeddable":true,"href":"https:\/\/mskssamorin.sk\/hu\/wp-json\/wp\/v2\/users\/1"}],"replies":[{"embeddable":true,"href":"https:\/\/mskssamorin.sk\/hu\/wp-json\/wp\/v2\/comments?post=252"}],"version-history":[{"count":3,"href":"https:\/\/mskssamorin.sk\/hu\/wp-json\/wp\/v2\/pages\/252\/revisions"}],"predecessor-version":[{"id":274,"href":"https:\/\/mskssamorin.sk\/hu\/wp-json\/wp\/v2\/pages\/252\/revisions\/274"}],"wp:attachment":[{"href":"https:\/\/mskssamorin.sk\/hu\/wp-json\/wp\/v2\/media?parent=252"}],"curies":[{"name":"wp","href":"https:\/\/api.w.org\/{rel}","templated":true}]}}

Bemutatkozás

<figure class="wp-block-image size-large"><img loading="lazy" decoding="async" width="1024" height="378" src="https://wp-mskssamorin.s3.eu-central-1.amazonaws.com/wp-content/uploads/2022/08/19083959/vmk-msks-1024x378.jpg" alt="" class="wp-image-32" srcset="https://wp-mskssamorin.s3.eu-central-1.amazonaws.com/wp-content/uploads/2022/08/19083959/vmk-msks-1024x378.jpg 1024w, https://wp-mskssamorin.s3.eu-central-1.amazonaws.com/wp-content/uploads/2022/08/19083959/vmk-msks-300x111.jpg 300w, https://wp-mskssamorin.s3.eu-central-1.amazonaws.com/wp-content/uploads/2022/08/19083959/vmk-msks-768x284.jpg 768w, https://wp-mskssamorin.s3.eu-central-1.amazonaws.com/wp-content/uploads/2022/08/19083959/vmk-msks-1536x567.jpg 1536w, https://wp-mskssamorin.s3.eu-central-1.amazonaws.com/wp-content/uploads/2022/08/19083959/vmk-msks-900x332.jpg 900w, https://wp-mskssamorin.s3.eu-central-1.amazonaws.com/wp-content/uploads/2022/08/19083959/vmk-msks.jpg 1773w" sizes="auto, (max-width: 1024px) 100vw, 1024px" /></figure>



<p>A somorjai Városi Művelődési Központ (VMK) egy olyan intézmény, mely teret nyújt a város és a régió lakosai számára kulturális igényeik kielégítésére. Egy modern, korszerű infrastruktúrával rendelkező intézmény, mely nem csupán közvetíti a kultúrát, de kulturális értékeket teremt minden generáció számára. Termeiben új, magas színvonalú kulturális termékek születnek a szellemi és materiális kultúra területén is. A VMK a város kulturális arculatának alakítója.</p>



<p>A város szívében található VMK gazdag kultúrműsorral és szabadidős programmal várja a látogatókat.<br>Színháztermében rendszeres színházi előadások, neves hazai és külföldi zenekarok koncertjei, nevelőkoncertek, gyermek és ifjúsági előadások valamint különböző társadalmi rendezvények, a városi civil szervezetek aktivitásai kerülnek megrendezésre.<br>A modern, felújított Tallós Prochászka István Kiállítóteremben rendszeres kiállítások kerülnek megrendezésre, hivatásos képzőművészek, de amatőr tehetségek alkotásaiból nyílt tárlatok várják a látogatókat.</p>



<p>A VMK rendszeresen teret ad közművelődési képzéseknek, szemináriumoknak, iskolázásoknak, fesztiváloknak is.<br>Otthont biztosítunk nagyon sok gyermek néptáncegyüttesnek (Csali, Prvosienka), a Csalló Néptáncegyüttesnek, kórusoknak, kamarazenekaroknak, rock, dzsessz és blues zenekaroknak is.<br>Termeinkben rendszeres jóga tanfolyamok is zajlanak.</p>

<p>A somorjai Városi Művelődési Központ (VMK) egy olyan intézmény, mely teret nyújt a város és a régió lakosai számára kulturális igényeik kielégítésére. Egy modern, korszerű infrastruktúrával rendelkező intézmény, mely nem csupán közvetíti a kultúrát, de kulturális értékeket teremt minden generáció számára. Termeiben új, magas színvonalú kulturális termékek születnek a szellemi és materiális kultúra területén is&#8230;. </p>
<div class="clear"></div>
<p><a href="https://mskssamorin.sk/hu/bemutatkozas/" class="excerpt-read-more newsstand-button">Részletek</a></p>
